100100001
What is -21003 (base 4) in base 5?
-4304
Convert 122a (base 13) to base 12.
15a3
31744 (base 8) to base 16
33e4
What is 20553 (base 8) in base 13?
3b81
-1712 (base 9) to base 13
-797
12030 (base 4) to base 8
614
4130 (base 6) to base 8
1626
What is 17bb6 (base 15) in base 8?
226140
289a (base 16) to base 9
15228
Convert 20202 (base 7) to base 9.
6646
-27109 (base 11) to base 5
-2214404
-240 (base 15) to base 10
-510
17470 (base 8) to base 6
101000
What is 101110101001 (base 2) in base 9?
4076
Convert 65541 (base 7) to base 2.
100000000001011
23e (base 15) to base 5
4014
What is 66a (base 16) in base 9?
2224
What is 2002133 (base 4) in base 3?
102110022
Convert -112635 (base 7) to base 11.
-14207
What is -111100101 (base 2) in base 4?
-13211
What is 315 (base 8) in base 12?
151
Convert -2123321 (base 4) to base 3.
-111200112
What is 8680 (base 9) in base 11?
488a
-16550 (base 8) to base 6
-54504
-24554 (base 6) to base 2
-111001010110
Convert -146b (base 16) to base 12.
-3037
-100011011010111 (base 2) to base 9
-26780
Convert 36b0 (base 13) to base 9.
11558
What is -301 (base 6) in base 4?
-1231
-2836 (base 9) to base 7
-6144
What is 444 (base 8) in base 14?
16c
What is -351 (base 15) in base 16?
-2ef
What is 779 (base 10) in base 15?
36e
Convert 434213 (base 6) to base 3.
1211022000
What is 5649 (base 10) in base 13?
2757
31d (base 16) to base 5
11142
Convert 10110100000 (base 2) to base 16.
5a0
-21 (base 16) to base 12
-29
What is -131203 (base 4) in base 2?
-11101100011
Convert 17282 (base 12) to base 13.
12173
Convert -d42 (base 15) to base 5.
-43422
100100111101 (base 2) to base 6
14541
What is -10001010101001 (base 2) in base 9?
-13148
Convert 26c (base 13) to base 4.
12230
-b42 (base 12) to base 10
-1634
Convert -501 (base 13) to base 4.
-31032
What is -29a (base 15) in base 4?
-21103
What is -422 (base 9) in base 11?
-293
What is 3ef (base 16) in base 8?
1757
-11a4 (base 11) to base 6
-11130
Convert 13453 (base 8) to base 6.
43243
613 (base 15) to base 5
20433
What is 1854 (base 9) in base 12?
9aa
What is -636 (base 7) in base 16?
-141
-2220232 (base 4) to base 16
-2a2e
What is -3619 (base 13) in base 16?
-1dcb
What is 653 (base 15) in base 5?
21203
-110040 (base 5) to base 3
-12011122
Convert -10010100 (base 2) to base 3.
-12111
-3d5 (base 15) to base 9
-1172
Convert -f3 (base 16) to base 13.
-159
What is 2109 (base 12) in base 6?
24413
181 (base 13) to base 11
22a
c91 (base 14) to base 9
3354
What is 1606 (base 10) in base 15?
721
-2004 (base 7) to base 5
-10230
5ab (base 16) to base 5
21301
Convert -269 (base 14) to base 15.
-225
-111000001111 (base 2) to base 6
-24355
Convert 142331 (base 7) to base 13.
c545
What is -26462 (base 8) in base 7?
-45506
Convert 200 (base 9) to base 16.
a2
20210012 (base 3) to base 10
4946
26 (base 14) to base 6
54
Convert -2a381 (base 12) to base 9.
-100277
-132003 (base 5) to base 2
-1010010000101
Convert -24d4 (base 14) to base 5.
-201313
-2840 (base 11) to base 13
-1898
Convert -326 (base 16) to base 3.
-1002212
Convert -7b7 (base 14) to base 11.
-1174
Convert 114525 (base 7) to base 8.
50554
What is -4016 (base 8) in base 6?
-13314
Convert 1266 (base 14) to base 7.
12256
110330 (base 4) to base 12
938
What is 1cb (base 13) in base 8?
520
Convert -114636 (base 7) to base 4.
-11012211
What is -21d (base 15) in base 11?
-3a5
Convert -7f4b (base 16) to base 5.
-2020322
Convert 7fb (base 16) to base 10.
2043
-1110 (base 11) to base 3
-2000012
Convert -995 (base 15) to base 6.
-14005
19626 (base 11) to base 14
9d94
-768 (base 9) to base 11
-522
Convert 22b1 (base 14) to base 10.
6035
What is 110100101001 (base 2) in base 14?
1329
Convert -3012013 (base 4) to base 8.
-30607
What is 23334 (base 6) in base 10?
3370
7bd (base 15) to base 10
1753
What is 342 (base 6) in base 9?
158
Convert -6763 (base 10) to base 8.
-15153
a2 (base 16) to base 11
138
-17061 (base 8) to base 14
-2b61
5700 (base 8) to base 15
d58
Convert 102000020 (base 3) to base 14.
2cd3
Convert 22764 (base 9) to base 8.
35545
What is -4100 (base 5) in base 4?
-20031
-121 (base 6) to base 13
-3a
What is -2110 (base 7) in base 4?
-23212
-25037 (base 10) to base 9
-37308
What is -13303 (base 4) in base 16?
-1f3
76a (base 13) to base 15
59b
What is -101121222 (base 3) in base 15?
-2468
What is -1441 (base 6) in base 13?
-238
What is 21220120 (base 3) in base 11?
4372
Convert 533 (base 12) to base 8.
1367
-3f0 (base 16) to base 8
-1760
-439e (base 15) to base 3
-201122112
831 (base 10) to base 12
593
Convert 242a (base 14) to base 8.
14246
1111110011001 (base 2) to base 13
38b3
-309 (base 13) to base 11
-42a
What is -8142 (base 12) in base 15?
-4248
What is 3665 (base 7) in base 4?
111122
Convert -126113 (base 9) to base 2.
-10010101101011110
What is -a33 (base 13) in base 11?
-1335
Convert -823 (base 9) to base 10.
-669
Convert 1f1 (base 16) to base 14.
277
1565 (base 7) to base 5
10020
What is 244333 (base 5) in base 3?
110211001
-21102 (base 3) to base 14
-104
What is -40262 (base 8) in base 5?
-1012222
97d (base 16) to base 3
10022222
What is 131001 (base 4) in base 10?
1857
What is 42123 (base 7) in base 10?
10356
What is -1222123 (base 4) in base 3?
-100100021
-20550 (base 9) to base 13
-6240
-5665 (base 7) to base 6
-13304
What is -1296 (base 10) in base 2?
-10100010000
Convert -32321 (base 4) to base 9.
-1268
What is 456 (base 14) in base 15?
3c5
-2530 (base 6) to base 8
-1166
170462 (base 8) to base 13
22149
Convert -9c8 (base 15) to base 11.
-1732
Convert 15602 (base 10) to base 16.
3cf2
What is -c8 (base 14) in base 7?
-341
What is -2194 (base 14) in base 11?
-4406
What is -439 (base 10) in base 6?
-2011
What is -10010 (base 3) in base 12?
-70
What is 8608 (base 9) in base 10?
6326
Convert b83 (base 12) to base 5.
23213
What is -42411 (base 5) in base 10?
-2856
Convert 66 (base 15) to base 10.
96
-1645 (base 9) to base 11
-a42
185 (base 9) to base 2
10011110
Convert 1241321 (base 5) to base 3.
1020201121
Convert 249 (base 10) to base 15.
119
What is 592 (base 15) in base 6?
5502
Convert 156 (base 7) to base 15.
60
Convert -297 (base 14) to base 13.
-315
Convert -1788 (base 9) to base 8.
-2540
What is 234 (base 7) in base 12?
a3
Convert 182 (base 13) to base 7.
542
Convert -50510 (base 7) to base 4.
-2333201
What is 322 (base 14) in base 3?
211220
Convert 12210001 (base 3) to base 2.
1000001110101
Convert -3e1b (base 15) to base 3.
-200020122
What is -101000021 (base 3) in base 13?
-3424
-1230220 (base 4) to base 3
-100112111
1173 (base 8) to base 9
775
What is 101120 (base 6) in base 11?
604a
Convert 9163 (base 13) to base 4.
10320313
Convert -146 (base 9) to base 7.
-234
What is a42 (base 15) in base 11?
1812
Convert -451 (base 11) to base 3.
-202000
What is -1493 (base 12) in base 16?
-96f
1220002120 (base 3) to base 15
b083
What is -80a8 (base 12) in base 4?
-3122000
8160 (base 10) to base 3
102012020
What is -136 (base 16) in base 12?
-21a
Convert -3dd (base 15) to base 2.
-1101110011
Convert 27d (base 15) to base 14.
2c8
Convert -417 (base 9) to base 6.
-1324
What is -1002110 (base 3) in base 12?
-563
What is -511204 (base 7) in base 13?
-30712
597 (base 14) to base 16
459
-21a9 (base 11) to base 14
-10b4
What is 1101342 (base 5) in base 15?
594c
673 (base 9) to base 11
462
What is 1001001 (base 3) in base 11?
629
Convert 7b4 (base 13) to base 8.
2462
What is 415 (base 8) in base 7?
533
-1a7 (base 11) to base 3
-22211
What is 453201 (base 6) in base 12?
1a201
-11d (base 15) to base 5
-2003
What is -2644 (base 14) in base 13?
-30a3
-973 (base 13) to base 8
-3117
Convert 22020220 (base 3) to base 5.
143033
Convert -18da (base 15) to base 3.
-21101021
Convert 22c6 (base 16) to base 12.
519a
383 (base 9) to base 12
226
What is 121442 (base 6) in base 12?
6282
Convert -201043 (base 6) to base 10.
-15795
4a7 (base 12) to base 9
861
What is 1525 (base 12) in base 11?
1952
-2734 (base 10) to base 11
-2066
-1229 (base 13) to base 16
-a0a
What is 2266 (base 7) in base 14?
436
What is 2cb (base 14) in base 9?
704
-bbb (base 12) to base 5
-23402
Convert 1101044 (base 5) to base 12.
ab2b
Convert -db (base 16) to base 6.
-1003
Convert 12123 (base 4) to base 5.
3121
Convert -2443 (base 13) to base 10.
-5125
Convert 34113 (base 7) t